 2*a. Let c = o + 185. What is the units digit of c?
8
Let n(y) = 2*y**2 + 16*y - 149. Suppose 15*o + 4*l = 11*o + 84, -5*o = 3*l - 101. What is the units digit of n(o)?
7
Let c(y) = 3*y**2 + 45*y - 308. Let u be c(53). What is the tens digit of (u/208)/(2/32)?
0
Let s be 43/3 - 12/36. Let p = -57 + s. Let b = -17 - p. What is the units digit of b?
6
Let r(s) be the first derivative of -s**4/4 - 8*s**3/3 + 9*s**2/2 + 2*s + 19. Let c be r(-9). Suppose -c*f = -62 - 66. What is the tens digit of f?
6
Let i = 25117 - 3259. What is the thousands digit of i?
1
Suppose n = -1 + 16. Let s be 2/(-5) + (1176/n - -2). Suppose -a + 7 = -s. What is the units digit of a?
7
Suppose 3*z = 3*u - 414, -12 = 144*u - 147*u. Suppose -4*o + 909 = t, -3*o - 2*o = 2*t - 1140. Let k = z + o. What is the units digit of k?
2
Let i(b) = -6*b**3 - 4*b**2 + 10*b - 3. Let a be i(3). Let v = 317 + a. Suppose -4*c + 120 + v = 2*r, 4*r = c - 71. What is the units digit of c?
7
Suppose 2*u - 8 = 0, -5*u + 39572 = -674*h + 677*h. What is the units digit of h?
4
Suppose 13*z + 11*z - 224228 = -15884. What is the tens digit of z?
8
Suppose 56296 = x + 3*g, 105894 = 4*x - g - 119186. What is the thousands digit of x?
6
Suppose -3*a + 17899 = 314*b - 312*b, 3*b + a - 26852 = 0. What is the units digit of b?
1
Let d = -570 + 324. Let m = d + 366. Suppose 3*x - 4*x + m = 0. What is the tens digit of x?
2
Let q = -273 + 245. What is the tens digit of -3 + (-44)/(-16) - 10255/q?
6
Let f be 7 - (-1 - 0) - -1. Let y(i) = 9*i - 234. Let s be y(29). Let t = s + f. What is the units digit of t?
6
Let j(g) be the third derivative of g**6/120 - g**5/15 - g**4/12 + 1001*g**3/6 - 2*g**2 + 11. What is the thousands digit of j(0)?
1
Suppose 3*i + 1612 = -359. Let x = -364 - i. Suppose 5*s = x + 152. What is the units digit of s?
9
Let q be -3 + 293 + 6 + -6. Suppose -n - 1114 = -3*j - 300, -j + 5*n = -q. What is the tens digit of j?
7
Let q be 10/(3/(-3))*(-13 - -12). Let d(f) = f**3 - 9*f**2 - 11*f + 18. Let k be d(q). What is the tens digit of (((-4)/(-3))/2)/(k/2688)?
2
Suppose 82*b - 7412 = 37032. What is the tens digit of b?
4
Suppose -21*n = -25*n + 2*s + 2668, -3*n = -5*s - 1987. What is the units digit of n?
9
Let v = 40 - 21. Suppose n = -6 + v. Suppose 0 = n*d - 9*d - 32. What is the units digit of d?
8
Suppose 0 = -4*z + 14176 + 8640. What is the tens digit of z?
0
What is the hundreds digit of 1/8 + (-1198665)/(-312)?
8
Suppose 3*v = 3*n - 45048, -2*n + 28*v + 29997 = 31*v. What is the ten thousands digit of n?
1
Let c(f) = -49*f + 62. Let w(y) = 146*y - 187. Let t(x) = 8*c(x) + 3*w(x). What is the tens digit of t(13)?
3
Let g be 6*4/6 - -505. Let v = -58 + g. What is the units digit of v?
1
Let l(m) = 13*m + 2856. What is the tens digit of l(70)?
6
Let k = 17934 - -16096. What is the tens digit of k?
3
Let w = -721 - -3773. What is the tens digit of w?
5
Suppose -10*n + 45 = -n. Suppose 4*w + 510 = n*y + 8*w, 2*y - w = 217. What is the tens digit of y?
0
Let f = 451 - -1861. What is the hundreds digit of f?
3
Let s(p) = -82*p + 145. Let l be s(-34). Suppose 0 = 7*j - l - 3731. What is the hundreds digit of j?
9
Let h(p) = -4*p + 38. Let f be h(8). Suppose f*n = 5478 + 2106. What is the units digit of n?
4
Let z(o) = o**3 + 64*o**2 + 7*o + 39. What is the hundreds digit of z(-16)?
2
Let p(m) = -3*m**2 + 58*m - 27. Let w be p(19). What is the hundreds digit of (-1476)/w*4/2?
3
Let b be (3/(-4))/(63/(-168)). Suppose -b*i = 5*d - 438 - 131, 0 = 2*i - 4. What is the hundreds digit of d?
1
Let m = 6003 - -1130. What is the tens digit of m?
3
Let j(h) = 235*h - 3672. What is the hundreds digit of j(55)?
2
Let y(v) = 107 - 12*v - 8*v - 18*v + 9*v. What is the hundreds digit of y(-11)?
4
Let l = 1817 - 1286. Suppose 4*q - l - 385 = 0. What is the tens digit of q?
2
Let u be 4 - (4 - (0 + 6)). Let y = u - -593. What is the hundreds digit of y?
5
Let b(o) be the second derivative of -4*o**3/3 - 11*o**2 - 5*o. Let i(v) = 7*v + 21. Let j(h) = -4*b(h) - 5*i(h). What is the units digit of j(-8)?
7
Let t = -26 - -23. Let n be ((-4)/6)/((-18)/(-27)). What is the units digit of 3/(4 - t/n)?
3
Let j(v) = 21*v**3 - 20*v**2 - 31*v + 13. What is the units digit of j(10)?
3
What is the thousands digit of -10 + 30359*32/112?
8
Suppose 17*k - 30*k = -9789. Suppose 0 = -2*w + 67 + k. What is the tens digit of w?
1
Let w = -2105 - -840. Let v = -3541 - w. What is the tens digit of (-18)/(-42) + v/(-14)?
6
What is the hundreds digit of (18 + 370216/35)*(3 - -2)?
9
Suppose v - 2*p = -3*v + 4460, -2*v + 3*p = -2226. Suppose 121 = 5*n - 4*m - v, 4*n - 989 = 3*m. What is the units digit of n?
5
Let v(a) = -13*a**3 + 6*a**2 + 5*a + 15. Let b be v(-4). Let c = -580 + b. What is the tens digit of c?
4
Suppose -18001 = -i + 5*p, 4*i = -21*p + 6*p + 71794. What is the tens digit of i?
7
Let k(p) = 39*p + 83. Let v be k(7). Suppose c = -r - c + v, 3*r = -4*c + 1076. What is the hundreds digit of r?
3
Let r be (7 + (-133)/28)/((-6)/16). Let x be (-20)/(-6) - 4/r. What is the units digit of (-88)/(-66)*((-1098)/x)/(-3)?
2
Suppose 24 = 67*p - 59*p. Suppose -2*v - 1478 - 2823 = -p*t, t + 4*v = 1443. What is the hundreds digit of t?
4
Suppose 0 = -4*o - 5*h - 47, 26 = -3*o - 3*h - 10. Let b = 35 + o. What is the tens digit of b?
2
Let v be 2/4*3 - (-342)/228. Suppose 3*h - 8*h - w + 540 = 0, 5*h = v*w + 560. What is the hundreds digit of h?
1
Let q(x) = -5*x + 7. Let s = 13 + -3. Let a be q(s). What is the units digit of (-9)/5*a + (-26)/65?
7
Suppose 1136 = -5*d + 4551. Suppose 3*s = -d + 2975. Let l = s - 514. What is the hundreds digit of l?
2
Let f = 28962 - 16432. What is the units digit of f?
0
Let b(l) = l - 2. Let n be 2*4 - (-8 - 6/(-1)). Let a be b(n). Suppose 138 = a*x - 870. What is the hundreds digit of x?
1
Suppose -9 = -4*b - 1. Suppose 2*i = 3*i - b. Suppose 4*x = 24 - 8, -500 = -4*l - i*x. What is the hundreds digit of l?
1
Suppose -u = -f - 0 + 10, -2*u - 8 = 4*f. What is the units digit of (-2)/(-4) + 5 + (-636)/u?
5
Suppose 26*n = 23 + 29. Suppose -3*q = -3*v + 1068, 469 = n*v + 2*q - 243. What is the hundreds digit of v?
3
Let c(l) = -7*l + 8. Let u be c(2). Let t(r) = 16*r**2 - 4*r + 7. What is the hundreds digit of t(u)?
6
Suppose -5*q + 665 = 75. Let g = 6508 + -6458. Suppose -q - g = -k. What is the tens digit of k?
6
Suppose -393*g + 349688 = -523165. What is the thousands digit of g?
2
Let g(h) = -1503*h - 659. What is the hundreds digit of g(-1)?
8
Let n(z) = -1670*z + 1516. What is the thousands digit of n(-7)?
3
Let m(q) = -q**3 + 3*q**2 + 8*q - 14. Let z be m(3). Suppose j - 26 = -f, j - 44 + z = f. What is the units digit of j?
0
Let y(n) be the third derivative of 7*n**5 + 3*n**4/8 - 3*n**3/2 + 198*n**2. What is the tens digit of y(1)?
2
Let c be 4/(-2) - 6 - -4. Let j be (c/(-12))/(-1 - 10/(-12)). Let y(f) = -13*f**3 + f**2 - 2*f - 6. What is the tens digit of y(j)?
0
Let o = 132 + -108. Let l = 23 - o. What is the units digit of (l/2)/((-19)/2508)?
6
Let s(j) = -j. Let c be s(-5). Suppose 4*v + 20 = 0, -4*v - 35 = 2*k - c*k. Suppose -4*w + 128 + 8 = b, 0 = -2*w + k*b + 90. What is the units digit of w?
5
Let h be -2*(10/(-4) + 2). Suppose -14*b + 7 = -13*b, o + 5287 = 5*b. What is the units digit of h - (o/20 + (-4)/10)?
4
Let p be 376/(-141)*(1 - 1/(-2)). Let a be 3*(-1)/p - 3/4. Suppose a = 3*l - 13*l + 1490. What is the hundreds digit of l?
1
Let t be 252/72*(-724)/(-7). Suppose -3*l = -5*n + 3628, 368 = n - 5*l - t. What is the units digit of n?
5
Suppose 32 = 9*t - 13*t. Let d be 151/t - (-12)/(-96). Let o = d - -60. What is the tens digit of o?
4
Suppose -60936 = -o - 23*o. What is the hundreds digit of o?
5
Suppose 10*y - 32515 = 8*y + 30137. What is the tens digit of y?
2
Suppose l = 5*z + 2808, 8*l - 3*z - 11283 = 4*l. Let b = -1518 + l. What is the units digit of b?
5
Let y(p) = -3*p + 9. Let c be y(3). Suppose 12*o - 4*o - 312 = c. Suppose 21 = t + 3*u, -2*t - 3*u = 2*t - o. What is the units digit of t?
6
Let i = 14962 - 9757. What is the thousands digit of i?
5
Let h(c) = 5304*c - 528. What is the hundreds digit of h(1)?
7
Let w be -4 + (-75)/(-18) - (-1)/(-6). Let i(h) = -2*h**2 + h + 6. Let s be i(w). What is the units digit of (s/4)/(3*(-1)/(-34))?
7
Let i(r) = -r**2 + 5*